{"id":1729,"date":"2018-12-14T12:17:46","date_gmt":"2018-12-14T11:17:46","guid":{"rendered":"https:\/\/demo.gloriathemes.com\/eventchamp\/demo\/?page_id=1729"},"modified":"2022-10-05T10:35:20","modified_gmt":"2022-10-05T08:35:20","slug":"actualites","status":"publish","type":"page","link":"https:\/\/ufe.org\/grande-bretagne\/actualites\/","title":{"rendered":"ACTUALITES"},"content":{"rendered":"<p>[vc_row][vc_column]<div class=\"gt-blog gt-style2\"><div class=\"gt-columns gt-column-2 gt-column-space-30\"><div class=\"gt-col\"><div class=\"gt-inner\"><div class=\"gt-post-style-2\"><div class=\"gt-image\"><a href=\"https:\/\/ufe.org\/grande-bretagne\/2023\/04\/26\/edito-avril-23\/\"><img loading=\"lazy\" decoding=\"async\" width=\"420\" height=\"290\" src=\"data:image\/svg+xml,%3Csvg%20xmlns%3D%27http:\/\/www.w3.org\/2000\/svg%27%20viewBox%3D%270%200%203%202%27%3E%3C\/svg%3E\" class=\"attachment-eventchamp-small-post size-eventchamp-small-post gt-lazy-load wp-post-image\" alt=\"Bienvenue!\" data-src=\"https:\/\/ufe.org\/grande-bretagne\/wp-content\/uploads\/sites\/26\/2022\/11\/Page-de-couv-UFE-GB-420x290.png\" \/><\/a><div class=\"gt-category\"><ul class=\"post-categories\">\n\t<li><a href=\"https:\/\/ufe.org\/grande-bretagne\/category\/infos-pratiques\/\" rel=\"category tag\">infos pratiques<\/a><\/li>\n\t<li><a href=\"https:\/\/ufe.org\/grande-bretagne\/category\/voix-de-france\/\" rel=\"category tag\">Voix de France<\/a><\/li><\/ul><\/div><\/div><div class=\"gt-title\"><a href=\"https:\/\/ufe.org\/grande-bretagne\/2023\/04\/26\/edito-avril-23\/\">Edito Avril 23<\/a><\/div><div class=\"gt-excerpt\">[vc_row][vc_column][vc_column_text] Bonjour \u00e0 toutes et \u00e0 tous, Nous esp\u00e9rons que vous allez bien. Plaisir de vous...<\/div><div class=\"gt-bottom\"><ul><li><svg xmlns=\"http:\/\/www.w3.org\/2000\/svg\" viewBox=\"0 0 24 24\" fill=\"none\" stroke=\"currentColor\" stroke-width=\"2\" stroke-linecap=\"round\" stroke-linejoin=\"round\"><rect x=\"3\" y=\"4\" width=\"18\" height=\"18\" rx=\"2\" ry=\"2\"><\/rect><line x1=\"16\" y1=\"2\" x2=\"16\" y2=\"6\"><\/line><line x1=\"8\" y1=\"2\" x2=\"8\" y2=\"6\"><\/line><line x1=\"3\" y1=\"10\" x2=\"21\" y2=\"10\"><\/line><\/svg>26 avril 2023<\/li><li><svg xmlns=\"http:\/\/www.w3.org\/2000\/svg\" viewBox=\"0 0 24 24\" fill=\"none\" stroke=\"currentColor\" stroke-width=\"2\" stroke-linecap=\"round\" stroke-linejoin=\"round\"><path d=\"M21 11.5a8.38 8.38 0 0 1-.9 3.8 8.5 8.5 0 0 1-7.6 4.7 8.38 8.38 0 0 1-3.8-.9L3 21l1.9-5.7a8.38 8.38 0 0 1-.9-3.8 8.5 8.5 0 0 1 4.7-7.6 8.38 8.38 0 0 1 3.8-.9h.5a8.48 8.48 0 0 1 8 8v.5z\"><\/path><\/svg>0 Commentaire<\/li><\/ul><\/div><\/div><\/div><\/div><div class=\"gt-col\"><div class=\"gt-inner\"><div class=\"gt-post-style-2\"><div class=\"gt-image\"><a href=\"https:\/\/ufe.org\/grande-bretagne\/2023\/04\/26\/4005\/\"><img loading=\"lazy\" decoding=\"async\" width=\"420\" height=\"290\" src=\"data:image\/svg+xml,%3Csvg%20xmlns%3D%27http:\/\/www.w3.org\/2000\/svg%27%20viewBox%3D%270%200%203%202%27%3E%3C\/svg%3E\" class=\"attachment-eventchamp-small-post size-eventchamp-small-post gt-lazy-load wp-post-image\" alt=\"\" data-src=\"https:\/\/ufe.org\/grande-bretagne\/wp-content\/uploads\/sites\/26\/2023\/04\/PHOTO-2023-04-26-16-36-57-420x290.jpg\" data-srcset=\"https:\/\/ufe.org\/grande-bretagne\/wp-content\/uploads\/sites\/26\/2023\/04\/PHOTO-2023-04-26-16-36-57-420x290.jpg 420w, https:\/\/ufe.org\/grande-bretagne\/wp-content\/uploads\/sites\/26\/2023\/04\/PHOTO-2023-04-26-16-36-57-1600x1100.jpg 1600w\" data-sizes=\"(max-width: 420px) 100vw, 420px\" \/><\/a><div class=\"gt-category\"><ul class=\"post-categories\">\n\t<li><a href=\"https:\/\/ufe.org\/grande-bretagne\/category\/infos-pratiques\/\" rel=\"category tag\">infos pratiques<\/a><\/li>\n\t<li><a href=\"https:\/\/ufe.org\/grande-bretagne\/category\/voix-de-france\/\" rel=\"category tag\">Voix de France<\/a><\/li><\/ul><\/div><\/div><div class=\"gt-title\"><a href=\"https:\/\/ufe.org\/grande-bretagne\/2023\/04\/26\/4005\/\">L\u2019AG UFE Monde, cru 2023\u2026<\/a><\/div><div class=\"gt-excerpt\">[vc_row][vc_column][vc_column_text]L\u2019Assembl\u00e9e g\u00e9n\u00e9rale de l\u2019UFE Monde s\u2019est d\u00e9roul\u00e9e le 25 mars dernier \u00e0 Paris. Fran\u00e7ois Barry Delongchamps,...<\/div><div class=\"gt-bottom\"><ul><li><svg xmlns=\"http:\/\/www.w3.org\/2000\/svg\" viewBox=\"0 0 24 24\" fill=\"none\" stroke=\"currentColor\" stroke-width=\"2\" stroke-linecap=\"round\" stroke-linejoin=\"round\"><rect x=\"3\" y=\"4\" width=\"18\" height=\"18\" rx=\"2\" ry=\"2\"><\/rect><line x1=\"16\" y1=\"2\" x2=\"16\" y2=\"6\"><\/line><line x1=\"8\" y1=\"2\" x2=\"8\" y2=\"6\"><\/line><line x1=\"3\" y1=\"10\" x2=\"21\" y2=\"10\"><\/line><\/svg>26 avril 2023<\/li><li><svg xmlns=\"http:\/\/www.w3.org\/2000\/svg\" viewBox=\"0 0 24 24\" fill=\"none\" stroke=\"currentColor\" stroke-width=\"2\" stroke-linecap=\"round\" stroke-linejoin=\"round\"><path d=\"M21 11.5a8.38 8.38 0 0 1-.9 3.8 8.5 8.5 0 0 1-7.6 4.7 8.38 8.38 0 0 1-3.8-.9L3 21l1.9-5.7a8.38 8.38 0 0 1-.9-3.8 8.5 8.5 0 0 1 4.7-7.6 8.38 8.38 0 0 1 3.8-.9h.5a8.48 8.48 0 0 1 8 8v.5z\"><\/path><\/svg>0 Commentaire<\/li><\/ul><\/div><\/div><\/div><\/div><div class=\"gt-col\"><div class=\"gt-inner\"><div class=\"gt-post-style-2\"><div class=\"gt-image\"><a href=\"https:\/\/ufe.org\/grande-bretagne\/2023\/04\/26\/point-de-situation-sur-la-fiscalite-des-non-residents\/\"><img loading=\"lazy\" decoding=\"async\" width=\"420\" height=\"290\" src=\"data:image\/svg+xml,%3Csvg%20xmlns%3D%27http:\/\/www.w3.org\/2000\/svg%27%20viewBox%3D%270%200%203%202%27%3E%3C\/svg%3E\" class=\"attachment-eventchamp-small-post size-eventchamp-small-post gt-lazy-load wp-post-image\" alt=\"\" data-src=\"https:\/\/ufe.org\/grande-bretagne\/wp-content\/uploads\/sites\/26\/2023\/04\/impots-1-420x290.png\" \/><\/a><div class=\"gt-category\"><ul class=\"post-categories\">\n\t<li><a href=\"https:\/\/ufe.org\/grande-bretagne\/category\/infos-pratiques\/\" rel=\"category tag\">infos pratiques<\/a><\/li>\n\t<li><a href=\"https:\/\/ufe.org\/grande-bretagne\/category\/juridique-fiscalite\/\" rel=\"category tag\">Juridique\/Fiscalit\u00e9<\/a><\/li><\/ul><\/div><\/div><div class=\"gt-title\"><a href=\"https:\/\/ufe.org\/grande-bretagne\/2023\/04\/26\/point-de-situation-sur-la-fiscalite-des-non-residents\/\">Point de situation sur la fiscalit\u00e9 des non-r\u00e9sidents<\/a><\/div><div class=\"gt-excerpt\">[vc_row][\/vc_row][vc_column][\/vc_column][vc_column_text]Vous avez une propri\u00e9t\u00e9 immobili\u00e8re en France\u00a0? Une nouvelle disposition d\u00e9clarative est \u00e0 remplir en ligne...<\/div><div class=\"gt-bottom\"><ul><li><svg xmlns=\"http:\/\/www.w3.org\/2000\/svg\" viewBox=\"0 0 24 24\" fill=\"none\" stroke=\"currentColor\" stroke-width=\"2\" stroke-linecap=\"round\" stroke-linejoin=\"round\"><rect x=\"3\" y=\"4\" width=\"18\" height=\"18\" rx=\"2\" ry=\"2\"><\/rect><line x1=\"16\" y1=\"2\" x2=\"16\" y2=\"6\"><\/line><line x1=\"8\" y1=\"2\" x2=\"8\" y2=\"6\"><\/line><line x1=\"3\" y1=\"10\" x2=\"21\" y2=\"10\"><\/line><\/svg>26 avril 2023<\/li><li><svg xmlns=\"http:\/\/www.w3.org\/2000\/svg\" viewBox=\"0 0 24 24\" fill=\"none\" stroke=\"currentColor\" stroke-width=\"2\" stroke-linecap=\"round\" stroke-linejoin=\"round\"><path d=\"M21 11.5a8.38 8.38 0 0 1-.9 3.8 8.5 8.5 0 0 1-7.6 4.7 8.38 8.38 0 0 1-3.8-.9L3 21l1.9-5.7a8.38 8.38 0 0 1-.9-3.8 8.5 8.5 0 0 1 4.7-7.6 8.38 8.38 0 0 1 3.8-.9h.5a8.48 8.48 0 0 1 8 8v.5z\"><\/path><\/svg>0 Commentaire<\/li><\/ul><\/div><\/div><\/div><\/div><div class=\"gt-col\"><div class=\"gt-inner\"><div class=\"gt-post-style-2\"><div class=\"gt-image\"><a href=\"https:\/\/ufe.org\/grande-bretagne\/2023\/04\/26\/point-presse\/\"><img loading=\"lazy\" decoding=\"async\" width=\"222\" height=\"290\" src=\"data:image\/svg+xml,%3Csvg%20xmlns%3D%27http:\/\/www.w3.org\/2000\/svg%27%20viewBox%3D%270%200%203%202%27%3E%3C\/svg%3E\" class=\"attachment-eventchamp-small-post size-eventchamp-small-post gt-lazy-load wp-post-image\" alt=\"\" data-src=\"https:\/\/ufe.org\/grande-bretagne\/wp-content\/uploads\/sites\/26\/2023\/04\/1-AG-2023-222x290.jpeg\" \/><\/a><div class=\"gt-category\"><ul class=\"post-categories\">\n\t<li><a href=\"https:\/\/ufe.org\/grande-bretagne\/category\/voix-de-france\/\" rel=\"category tag\">Voix de France<\/a><\/li><\/ul><\/div><\/div><div class=\"gt-title\"><a href=\"https:\/\/ufe.org\/grande-bretagne\/2023\/04\/26\/point-presse\/\">Point presse<\/a><\/div><div class=\"gt-excerpt\">[vc_row][vc_column][vc_column_text]Ce mois-ci, Interview et podcast du nouveau pr\u00e9sident de l\u2019UFE Monde \ud83d\udc47\ud83c\udffb https:\/\/lesfrancais.press\/alain-pierre-mignon-le-nouveau-president-de-lufe-interview-exclusive[\/vc_column_text][vc_single_image image=\u00a0\u00bb963248&Prime; img_size=\u00a0\u00bbfull\u00a0\u00bb style=\u00a0\u00bbvc_box_rounded\u00a0\u00bb][\/vc_column][\/vc_row][vc_row][vc_column][vc_empty_space][\/vc_column][\/vc_row]<\/div><div class=\"gt-bottom\"><ul><li><svg xmlns=\"http:\/\/www.w3.org\/2000\/svg\" viewBox=\"0 0 24 24\" fill=\"none\" stroke=\"currentColor\" stroke-width=\"2\" stroke-linecap=\"round\" stroke-linejoin=\"round\"><rect x=\"3\" y=\"4\" width=\"18\" height=\"18\" rx=\"2\" ry=\"2\"><\/rect><line x1=\"16\" y1=\"2\" x2=\"16\" y2=\"6\"><\/line><line x1=\"8\" y1=\"2\" x2=\"8\" y2=\"6\"><\/line><line x1=\"3\" y1=\"10\" x2=\"21\" y2=\"10\"><\/line><\/svg>26 avril 2023<\/li><li><svg xmlns=\"http:\/\/www.w3.org\/2000\/svg\" viewBox=\"0 0 24 24\" fill=\"none\" stroke=\"currentColor\" stroke-width=\"2\" stroke-linecap=\"round\" stroke-linejoin=\"round\"><path d=\"M21 11.5a8.38 8.38 0 0 1-.9 3.8 8.5 8.5 0 0 1-7.6 4.7 8.38 8.38 0 0 1-3.8-.9L3 21l1.9-5.7a8.38 8.38 0 0 1-.9-3.8 8.5 8.5 0 0 1 4.7-7.6 8.38 8.38 0 0 1 3.8-.9h.5a8.48 8.48 0 0 1 8 8v.5z\"><\/path><\/svg>0 Commentaire<\/li><\/ul><\/div><\/div><\/div><\/div><div class=\"gt-col\"><div class=\"gt-inner\"><div class=\"gt-post-style-2\"><div class=\"gt-image\"><a href=\"https:\/\/ufe.org\/grande-bretagne\/2023\/04\/26\/ufe-votre-rejoignez-nous\/\"><img loading=\"lazy\" decoding=\"async\" width=\"420\" height=\"290\" src=\"data:image\/svg+xml,%3Csvg%20xmlns%3D%27http:\/\/www.w3.org\/2000\/svg%27%20viewBox%3D%270%200%203%202%27%3E%3C\/svg%3E\" class=\"attachment-eventchamp-small-post size-eventchamp-small-post gt-lazy-load wp-post-image\" alt=\"\" data-src=\"https:\/\/ufe.org\/grande-bretagne\/wp-content\/uploads\/sites\/26\/2022\/10\/www.ufe_.org-2-e1664961379139-420x290.png\" \/><\/a><div class=\"gt-category\"><ul class=\"post-categories\">\n\t<li><a href=\"https:\/\/ufe.org\/grande-bretagne\/category\/evenements\/\" rel=\"category tag\">Ev\u00e8nements<\/a><\/li>\n\t<li><a href=\"https:\/\/ufe.org\/grande-bretagne\/category\/infos-pratiques\/\" rel=\"category tag\">infos pratiques<\/a><\/li>\n\t<li><a href=\"https:\/\/ufe.org\/grande-bretagne\/category\/preparer-son-depart\/\" rel=\"category tag\">Pr\u00e9parer son d\u00e9part<\/a><\/li>\n\t<li><a href=\"https:\/\/ufe.org\/grande-bretagne\/category\/revenir-en-france\/\" rel=\"category tag\">Revenir en France<\/a><\/li>\n\t<li><a href=\"https:\/\/ufe.org\/grande-bretagne\/category\/voix-de-france\/\" rel=\"category tag\">Voix de France<\/a><\/li><\/ul><\/div><\/div><div class=\"gt-title\"><a href=\"https:\/\/ufe.org\/grande-bretagne\/2023\/04\/26\/ufe-votre-rejoignez-nous\/\">UFE V\u00f4tre \u2026 Rejoignez-nous !<\/a><\/div><div class=\"gt-excerpt\">[vc_row][vc_column][vc_column_text]L\u2019UFE-GB est membre du r\u00e9seau UFE Monde.\u00a0 Association cr\u00e9\u00e9e en 1927 et reconnue d\u2019utilit\u00e9 publique en...<\/div><div class=\"gt-bottom\"><ul><li><svg xmlns=\"http:\/\/www.w3.org\/2000\/svg\" viewBox=\"0 0 24 24\" fill=\"none\" stroke=\"currentColor\" stroke-width=\"2\" stroke-linecap=\"round\" stroke-linejoin=\"round\"><rect x=\"3\" y=\"4\" width=\"18\" height=\"18\" rx=\"2\" ry=\"2\"><\/rect><line x1=\"16\" y1=\"2\" x2=\"16\" y2=\"6\"><\/line><line x1=\"8\" y1=\"2\" x2=\"8\" y2=\"6\"><\/line><line x1=\"3\" y1=\"10\" x2=\"21\" y2=\"10\"><\/line><\/svg>26 avril 2023<\/li><li><svg xmlns=\"http:\/\/www.w3.org\/2000\/svg\" viewBox=\"0 0 24 24\" fill=\"none\" stroke=\"currentColor\" stroke-width=\"2\" stroke-linecap=\"round\" stroke-linejoin=\"round\"><path d=\"M21 11.5a8.38 8.38 0 0 1-.9 3.8 8.5 8.5 0 0 1-7.6 4.7 8.38 8.38 0 0 1-3.8-.9L3 21l1.9-5.7a8.38 8.38 0 0 1-.9-3.8 8.5 8.5 0 0 1 4.7-7.6 8.38 8.38 0 0 1 3.8-.9h.5a8.48 8.48 0 0 1 8 8v.5z\"><\/path><\/svg>0 Commentaire<\/li><\/ul><\/div><\/div><\/div><\/div><div class=\"gt-col\"><div class=\"gt-inner\"><div class=\"gt-post-style-2\"><div class=\"gt-image\"><a href=\"https:\/\/ufe.org\/grande-bretagne\/2023\/04\/26\/une-francaise-du-uk-recompensee\/\"><img loading=\"lazy\" decoding=\"async\" width=\"420\" height=\"290\" src=\"data:image\/svg+xml,%3Csvg%20xmlns%3D%27http:\/\/www.w3.org\/2000\/svg%27%20viewBox%3D%270%200%203%202%27%3E%3C\/svg%3E\" class=\"attachment-eventchamp-small-post size-eventchamp-small-post gt-lazy-load wp-post-image\" alt=\"\" data-src=\"https:\/\/ufe.org\/grande-bretagne\/wp-content\/uploads\/sites\/26\/2023\/04\/Laureat_03-1-420x290.jpg\" \/><\/a><div class=\"gt-category\"><ul class=\"post-categories\">\n\t<li><a href=\"https:\/\/ufe.org\/grande-bretagne\/category\/evenements\/\" rel=\"category tag\">Ev\u00e8nements<\/a><\/li>\n\t<li><a href=\"https:\/\/ufe.org\/grande-bretagne\/category\/voix-de-france\/\" rel=\"category tag\">Voix de France<\/a><\/li><\/ul><\/div><\/div><div class=\"gt-title\"><a href=\"https:\/\/ufe.org\/grande-bretagne\/2023\/04\/26\/une-francaise-du-uk-recompensee\/\">Une Fran\u00e7aise du UK r\u00e9compens\u00e9e\u2026<\/a><\/div><div class=\"gt-excerpt\">[vc_row][vc_column][vc_column_text]L\u2019UFE autour de son pr\u00e9sident, d\u2019administrateurs et de membres du si\u00e8ge ont eu le plaisir de...<\/div><div class=\"gt-bottom\"><ul><li><svg xmlns=\"http:\/\/www.w3.org\/2000\/svg\" viewBox=\"0 0 24 24\" fill=\"none\" stroke=\"currentColor\" stroke-width=\"2\" stroke-linecap=\"round\" stroke-linejoin=\"round\"><rect x=\"3\" y=\"4\" width=\"18\" height=\"18\" rx=\"2\" ry=\"2\"><\/rect><line x1=\"16\" y1=\"2\" x2=\"16\" y2=\"6\"><\/line><line x1=\"8\" y1=\"2\" x2=\"8\" y2=\"6\"><\/line><line x1=\"3\" y1=\"10\" x2=\"21\" y2=\"10\"><\/line><\/svg>26 avril 2023<\/li><li><svg xmlns=\"http:\/\/www.w3.org\/2000\/svg\" viewBox=\"0 0 24 24\" fill=\"none\" stroke=\"currentColor\" stroke-width=\"2\" stroke-linecap=\"round\" stroke-linejoin=\"round\"><path d=\"M21 11.5a8.38 8.38 0 0 1-.9 3.8 8.5 8.5 0 0 1-7.6 4.7 8.38 8.38 0 0 1-3.8-.9L3 21l1.9-5.7a8.38 8.38 0 0 1-.9-3.8 8.5 8.5 0 0 1 4.7-7.6 8.38 8.38 0 0 1 3.8-.9h.5a8.48 8.48 0 0 1 8 8v.5z\"><\/path><\/svg>0 Commentaire<\/li><\/ul><\/div><\/div><\/div><\/div><div class=\"gt-col\"><div class=\"gt-inner\"><div class=\"gt-post-style-2\"><div class=\"gt-image\"><a href=\"https:\/\/ufe.org\/grande-bretagne\/2023\/01\/17\/article-5-ag2022\/\"><img loading=\"lazy\" decoding=\"async\" width=\"420\" height=\"290\" src=\"data:image\/svg+xml,%3Csvg%20xmlns%3D%27http:\/\/www.w3.org\/2000\/svg%27%20viewBox%3D%270%200%203%202%27%3E%3C\/svg%3E\" class=\"attachment-eventchamp-small-post size-eventchamp-small-post gt-lazy-load wp-post-image\" alt=\"\" data-src=\"https:\/\/ufe.org\/grande-bretagne\/wp-content\/uploads\/sites\/26\/2023\/01\/Assemblee-Generale-inscrive-vous-768-\u00d7-512-px-420x290.png\" \/><\/a><div class=\"gt-category\"><ul class=\"post-categories\">\n\t<li><a href=\"https:\/\/ufe.org\/grande-bretagne\/category\/non-classe\/\" rel=\"category tag\">Non class\u00e9<\/a><\/li>\n\t<li><a href=\"https:\/\/ufe.org\/grande-bretagne\/category\/voix-de-france\/\" rel=\"category tag\">Voix de France<\/a><\/li><\/ul><\/div><\/div><div class=\"gt-title\"><a href=\"https:\/\/ufe.org\/grande-bretagne\/2023\/01\/17\/article-5-ag2022\/\">Assembl\u00e9e g\u00e9n\u00e9rale de l&rsquo;UFE \u00e0 Paris le samedi 25 mars<\/a><\/div><div class=\"gt-excerpt\">[vc_row][vc_column][vc_column_text]Les inscriptions \u00e0 l&rsquo;Assembl\u00e9e g\u00e9n\u00e9rale annuelle de l\u2019UFE du samedi 25 mars sont ouvertes ! Seuls...<\/div><div class=\"gt-bottom\"><ul><li><svg xmlns=\"http:\/\/www.w3.org\/2000\/svg\" viewBox=\"0 0 24 24\" fill=\"none\" stroke=\"currentColor\" stroke-width=\"2\" stroke-linecap=\"round\" stroke-linejoin=\"round\"><rect x=\"3\" y=\"4\" width=\"18\" height=\"18\" rx=\"2\" ry=\"2\"><\/rect><line x1=\"16\" y1=\"2\" x2=\"16\" y2=\"6\"><\/line><line x1=\"8\" y1=\"2\" x2=\"8\" y2=\"6\"><\/line><line x1=\"3\" y1=\"10\" x2=\"21\" y2=\"10\"><\/line><\/svg>17 janvier 2023<\/li><li><svg xmlns=\"http:\/\/www.w3.org\/2000\/svg\" viewBox=\"0 0 24 24\" fill=\"none\" stroke=\"currentColor\" stroke-width=\"2\" stroke-linecap=\"round\" stroke-linejoin=\"round\"><path d=\"M21 11.5a8.38 8.38 0 0 1-.9 3.8 8.5 8.5 0 0 1-7.6 4.7 8.38 8.38 0 0 1-3.8-.9L3 21l1.9-5.7a8.38 8.38 0 0 1-.9-3.8 8.5 8.5 0 0 1 4.7-7.6 8.38 8.38 0 0 1 3.8-.9h.5a8.48 8.48 0 0 1 8 8v.5z\"><\/path><\/svg>0 Commentaire<\/li><\/ul><\/div><\/div><\/div><\/div><div class=\"gt-col\"><div class=\"gt-inner\"><div class=\"gt-post-style-2\"><div class=\"gt-image\"><a href=\"https:\/\/ufe.org\/grande-bretagne\/2023\/01\/17\/article-4-ufe-votre-sautez-le-pas\/\"><img loading=\"lazy\" decoding=\"async\" width=\"369\" height=\"200\" src=\"data:image\/svg+xml,%3Csvg%20xmlns%3D%27http:\/\/www.w3.org\/2000\/svg%27%20viewBox%3D%270%200%203%202%27%3E%3C\/svg%3E\" class=\"attachment-eventchamp-small-post size-eventchamp-small-post gt-lazy-load wp-post-image\" alt=\"\" data-src=\"https:\/\/ufe.org\/grande-bretagne\/wp-content\/uploads\/sites\/26\/2023\/01\/Art4_2.jpg\" data-srcset=\"https:\/\/ufe.org\/grande-bretagne\/wp-content\/uploads\/sites\/26\/2023\/01\/Art4_2.jpg 369w, https:\/\/ufe.org\/grande-bretagne\/wp-content\/uploads\/sites\/26\/2023\/01\/Art4_2-300x163.jpg 300w\" data-sizes=\"(max-width: 369px) 100vw, 369px\" \/><\/a><div class=\"gt-category\"><ul class=\"post-categories\">\n\t<li><a href=\"https:\/\/ufe.org\/grande-bretagne\/category\/non-classe\/\" rel=\"category tag\">Non class\u00e9<\/a><\/li>\n\t<li><a href=\"https:\/\/ufe.org\/grande-bretagne\/category\/voix-de-france\/\" rel=\"category tag\">Voix de France<\/a><\/li><\/ul><\/div><\/div><div class=\"gt-title\"><a href=\"https:\/\/ufe.org\/grande-bretagne\/2023\/01\/17\/article-4-ufe-votre-sautez-le-pas\/\">UFE V\u00f4tre\u2026 Sautez le pas\u00a0!<\/a><\/div><div class=\"gt-excerpt\">[vc_row][vc_column][vc_column_text]Nous sommes des b\u00e9n\u00e9voles. Notre action d\u00e9pend du soutien de nos adh\u00e9rents et de celui de...<\/div><div class=\"gt-bottom\"><ul><li><svg xmlns=\"http:\/\/www.w3.org\/2000\/svg\" viewBox=\"0 0 24 24\" fill=\"none\" stroke=\"currentColor\" stroke-width=\"2\" stroke-linecap=\"round\" stroke-linejoin=\"round\"><rect x=\"3\" y=\"4\" width=\"18\" height=\"18\" rx=\"2\" ry=\"2\"><\/rect><line x1=\"16\" y1=\"2\" x2=\"16\" y2=\"6\"><\/line><line x1=\"8\" y1=\"2\" x2=\"8\" y2=\"6\"><\/line><line x1=\"3\" y1=\"10\" x2=\"21\" y2=\"10\"><\/line><\/svg>17 janvier 2023<\/li><li><svg xmlns=\"http:\/\/www.w3.org\/2000\/svg\" viewBox=\"0 0 24 24\" fill=\"none\" stroke=\"currentColor\" stroke-width=\"2\" stroke-linecap=\"round\" stroke-linejoin=\"round\"><path d=\"M21 11.5a8.38 8.38 0 0 1-.9 3.8 8.5 8.5 0 0 1-7.6 4.7 8.38 8.38 0 0 1-3.8-.9L3 21l1.9-5.7a8.38 8.38 0 0 1-.9-3.8 8.5 8.5 0 0 1 4.7-7.6 8.38 8.38 0 0 1 3.8-.9h.5a8.48 8.48 0 0 1 8 8v.5z\"><\/path><\/svg>0 Commentaire<\/li><\/ul><\/div><\/div><\/div><\/div><\/div><\/div>[\/vc_column][\/vc_row]<\/p>\n","protected":false},"excerpt":{"rendered":"<p>[vc_row][vc_column][\/vc_column][\/vc_row]<\/p>\n","protected":false},"author":1,"featured_media":0,"parent":0,"menu_order":0,"comment_status":"closed","ping_status":"closed","template":"","meta":{"footnotes":""},"yoast_head":"<!-- This site is optimized with the Yoast SEO plugin v22.8 - https:\/\/yoast.com\/wordpress\/plugins\/seo\/ -->\n<title>ACTUALITES - grande-bretagne<\/title>\n<meta name=\"robots\" content=\"index, follow, max-snippet:-1, max-image-preview:large, max-video-preview:-1\" \/>\n<link rel=\"canonical\" href=\"https:\/\/ufe.org\/grande-bretagne\/actualites\/\" \/>\n<meta property=\"og:locale\" content=\"fr_FR\" \/>\n<meta property=\"og:type\" content=\"article\" \/>\n<meta property=\"og:title\" content=\"ACTUALITES - grande-bretagne\" \/>\n<meta property=\"og:description\" content=\"[vc_row][vc_column][\/vc_column][\/vc_row]\" \/>\n<meta property=\"og:url\" content=\"https:\/\/ufe.org\/grande-bretagne\/actualites\/\" \/>\n<meta property=\"og:site_name\" content=\"grande-bretagne\" \/>\n<meta property=\"article:modified_time\" content=\"2022-10-05T08:35:20+00:00\" \/>\n<meta name=\"twitter:card\" content=\"summary_large_image\" \/>\n<meta name=\"twitter:label1\" content=\"Dur\u00e9e de lecture estim\u00e9e\" \/>\n\t<meta name=\"twitter:data1\" content=\"1 minute\" \/>\n<script type=\"application\/ld+json\" class=\"yoast-schema-graph\">{\"@context\":\"https:\/\/schema.org\",\"@graph\":[{\"@type\":\"WebPage\",\"@id\":\"https:\/\/ufe.org\/grande-bretagne\/actualites\/\",\"url\":\"https:\/\/ufe.org\/grande-bretagne\/actualites\/\",\"name\":\"ACTUALITES - grande-bretagne\",\"isPartOf\":{\"@id\":\"https:\/\/ufe.org\/grande-bretagne\/#website\"},\"datePublished\":\"2018-12-14T11:17:46+00:00\",\"dateModified\":\"2022-10-05T08:35:20+00:00\",\"breadcrumb\":{\"@id\":\"https:\/\/ufe.org\/grande-bretagne\/actualites\/#breadcrumb\"},\"inLanguage\":\"fr-FR\",\"potentialAction\":[{\"@type\":\"ReadAction\",\"target\":[\"https:\/\/ufe.org\/grande-bretagne\/actualites\/\"]}]},{\"@type\":\"BreadcrumbList\",\"@id\":\"https:\/\/ufe.org\/grande-bretagne\/actualites\/#breadcrumb\",\"itemListElement\":[{\"@type\":\"ListItem\",\"position\":1,\"name\":\"Accueil\",\"item\":\"https:\/\/ufe.org\/grande-bretagne\/\"},{\"@type\":\"ListItem\",\"position\":2,\"name\":\"ACTUALITES\"}]},{\"@type\":\"WebSite\",\"@id\":\"https:\/\/ufe.org\/grande-bretagne\/#website\",\"url\":\"https:\/\/ufe.org\/grande-bretagne\/\",\"name\":\"grande-bretagne\",\"description\":\"Un site utilisant Multi site UFE\",\"potentialAction\":[{\"@type\":\"SearchAction\",\"target\":{\"@type\":\"EntryPoint\",\"urlTemplate\":\"https:\/\/ufe.org\/grande-bretagne\/?s={search_term_string}\"},\"query-input\":\"required name=search_term_string\"}],\"inLanguage\":\"fr-FR\"}]}<\/script>\n<!-- \/ Yoast SEO plugin. -->","yoast_head_json":{"title":"ACTUALITES - grande-bretagne","robots":{"index":"index","follow":"follow","max-snippet":"max-snippet:-1","max-image-preview":"max-image-preview:large","max-video-preview":"max-video-preview:-1"},"canonical":"https:\/\/ufe.org\/grande-bretagne\/actualites\/","og_locale":"fr_FR","og_type":"article","og_title":"ACTUALITES - grande-bretagne","og_description":"[vc_row][vc_column][\/vc_column][\/vc_row]","og_url":"https:\/\/ufe.org\/grande-bretagne\/actualites\/","og_site_name":"grande-bretagne","article_modified_time":"2022-10-05T08:35:20+00:00","twitter_card":"summary_large_image","twitter_misc":{"Dur\u00e9e de lecture estim\u00e9e":"1 minute"},"schema":{"@context":"https:\/\/schema.org","@graph":[{"@type":"WebPage","@id":"https:\/\/ufe.org\/grande-bretagne\/actualites\/","url":"https:\/\/ufe.org\/grande-bretagne\/actualites\/","name":"ACTUALITES - grande-bretagne","isPartOf":{"@id":"https:\/\/ufe.org\/grande-bretagne\/#website"},"datePublished":"2018-12-14T11:17:46+00:00","dateModified":"2022-10-05T08:35:20+00:00","breadcrumb":{"@id":"https:\/\/ufe.org\/grande-bretagne\/actualites\/#breadcrumb"},"inLanguage":"fr-FR","potentialAction":[{"@type":"ReadAction","target":["https:\/\/ufe.org\/grande-bretagne\/actualites\/"]}]},{"@type":"BreadcrumbList","@id":"https:\/\/ufe.org\/grande-bretagne\/actualites\/#breadcrumb","itemListElement":[{"@type":"ListItem","position":1,"name":"Accueil","item":"https:\/\/ufe.org\/grande-bretagne\/"},{"@type":"ListItem","position":2,"name":"ACTUALITES"}]},{"@type":"WebSite","@id":"https:\/\/ufe.org\/grande-bretagne\/#website","url":"https:\/\/ufe.org\/grande-bretagne\/","name":"grande-bretagne","description":"Un site utilisant Multi site UFE","potentialAction":[{"@type":"SearchAction","target":{"@type":"EntryPoint","urlTemplate":"https:\/\/ufe.org\/grande-bretagne\/?s={search_term_string}"},"query-input":"required name=search_term_string"}],"inLanguage":"fr-FR"}]}},"_links":{"self":[{"href":"https:\/\/ufe.org\/grande-bretagne\/wp-json\/wp\/v2\/pages\/1729"}],"collection":[{"href":"https:\/\/ufe.org\/grande-bretagne\/wp-json\/wp\/v2\/pages"}],"about":[{"href":"https:\/\/ufe.org\/grande-bretagne\/wp-json\/wp\/v2\/types\/page"}],"author":[{"embeddable":true,"href":"https:\/\/ufe.org\/grande-bretagne\/wp-json\/wp\/v2\/users\/1"}],"replies":[{"embeddable":true,"href":"https:\/\/ufe.org\/grande-bretagne\/wp-json\/wp\/v2\/comments?post=1729"}],"version-history":[{"count":7,"href":"https:\/\/ufe.org\/grande-bretagne\/wp-json\/wp\/v2\/pages\/1729\/revisions"}],"predecessor-version":[{"id":3792,"href":"https:\/\/ufe.org\/grande-bretagne\/wp-json\/wp\/v2\/pages\/1729\/revisions\/3792"}],"wp:attachment":[{"href":"https:\/\/ufe.org\/grande-bretagne\/wp-json\/wp\/v2\/media?parent=1729"}],"curies":[{"name":"wp","href":"https:\/\/api.w.org\/{rel}","templated":true}]}}