{"id":1723,"date":"2018-12-14T12:14:41","date_gmt":"2018-12-14T12:14:41","guid":{"rendered":"https:\/\/demo.gloriathemes.com\/eventchamp\/demo\/?page_id=1723"},"modified":"2022-09-30T16:34:59","modified_gmt":"2022-09-30T14:34:59","slug":"contact","status":"publish","type":"page","link":"https:\/\/ufe.org\/grande-bretagne\/contact\/","title":{"rendered":"Contact"},"content":{"rendered":"<p>[vc_row full_width=\u00a0\u00bbstretch_row\u00a0\u00bb parallax=\u00a0\u00bbcontent-moving\u00a0\u00bb parallax_image=\u00a0\u00bb3126&Prime; parallax_speed_bg=\u00a0\u00bb1&Prime;][vc_column][vc_empty_space height=\u00a0\u00bb70px\u00a0\u00bb][vc_custom_heading text=\u00a0\u00bbAucun Fran\u00e7ais n&rsquo;est seul \u00e0 l&rsquo;\u00e9tranger\u00a0\u00bb font_container=\u00a0\u00bbtag:h1|text_align:center\u00a0\u00bb use_theme_fonts=\u00a0\u00bbyes\u00a0\u00bb][vc_custom_heading text=\u00a0\u00bbContactez-nous !\u00a0\u00bb font_container=\u00a0\u00bbtag:h3|text_align:center\u00a0\u00bb use_theme_fonts=\u00a0\u00bbyes\u00a0\u00bb css=\u00a0\u00bb.vc_custom_1614702069192{margin-top: -8px !important;}\u00a0\u00bb][vc_empty_space height=\u00a0\u00bb100px\u00a0\u00bb][\/vc_column][\/vc_row][vc_row][vc_column offset=\u00a0\u00bbvc_col-lg-2 vc_col-md-2 vc_hidden-sm vc_col-xs-12 vc_hidden-xs\u00a0\u00bb][\/vc_column][vc_column offset=\u00a0\u00bbvc_col-lg-8 vc_col-md-8 vc_col-xs-12&Prime;][vc_empty_space height=\u00a0\u00bb25px\u00a0\u00bb][vc_column_text css=\u00a0\u00bb.vc_custom_1664527552909{margin-bottom: 0px !important;}\u00a0\u00bb]<\/p>\n<div class=\"wpb_text_column wpb_content_element\">\n<div class=\"wpb_wrapper\">\n<p style=\"text-align: center;\">Email : grande-bretagne@ufe.org<\/p>\n<p style=\"text-align: center;\">Nous sommes joignables de\u00a0 <strong>09:00 \u00e0 18:00<\/strong> du Lundi au Vendredi<\/p>\n<\/div>\n<\/div>\n<p>[\/vc_column_text][vc_empty_space height=\u00a0\u00bb115px\u00a0\u00bb]\n<div class=\"wpcf7 no-js\" id=\"wpcf7-f1916-o1\" lang=\"en-US\" dir=\"ltr\">\n<div class=\"screen-reader-response\"><p role=\"status\" aria-live=\"polite\" aria-atomic=\"true\"><\/p> <ul><\/ul><\/div>\n<form action=\"\/grande-bretagne\/wp-json\/wp\/v2\/pages\/1723#wpcf7-f1916-o1\" method=\"post\" class=\"wpcf7-form init\" aria-label=\"Contact form\" novalidate=\"novalidate\" data-status=\"init\">\n<div style=\"display: none;\">\n<input type=\"hidden\" name=\"_wpcf7\" value=\"1916\" \/>\n<input type=\"hidden\" name=\"_wpcf7_version\" value=\"5.9.8\" \/>\n<input type=\"hidden\" name=\"_wpcf7_locale\" value=\"en_US\" \/>\n<input type=\"hidden\" name=\"_wpcf7_unit_tag\" value=\"wpcf7-f1916-o1\" \/>\n<input type=\"hidden\" name=\"_wpcf7_container_post\" value=\"0\" \/>\n<input type=\"hidden\" name=\"_wpcf7_posted_data_hash\" value=\"\" \/>\n<\/div>\n<div class=\"gt-columns gt-column-1 gt-column-space-15\">\n\t<div class=\"gt-col\">\n\t\t<div class=\"gt-inner\">\n\t\t\t<p><span class=\"wpcf7-form-control-wrap\" data-name=\"your-name\"><input size=\"40\" maxlength=\"400\" class=\"wpcf7-form-control wpcf7-text wpcf7-validates-as-required\" aria-required=\"true\" aria-invalid=\"false\" placeholder=\"Votre Nom\" value=\"\" type=\"text\" name=\"your-name\" \/><\/span>\n\t\t\t<\/p>\n\t\t<\/div>\n\t<\/div>\n\t<div class=\"gt-col\">\n\t\t<div class=\"gt-inner\">\n\t\t\t<p><span class=\"wpcf7-form-control-wrap\" data-name=\"your-email\"><input size=\"40\" maxlength=\"400\" class=\"wpcf7-form-control wpcf7-email wpcf7-validates-as-required wpcf7-text wpcf7-validates-as-email\" aria-required=\"true\" aria-invalid=\"false\" placeholder=\"Votre Email\" value=\"\" type=\"email\" name=\"your-email\" \/><\/span>\n\t\t\t<\/p>\n\t\t<\/div>\n\t<\/div>\n\t<div class=\"gt-col\">\n\t\t<div class=\"gt-inner\">\n\t\t\t<p><span class=\"wpcf7-form-control-wrap\" data-name=\"your-subject\"><input size=\"40\" maxlength=\"400\" class=\"wpcf7-form-control wpcf7-text wpcf7-validates-as-required\" aria-required=\"true\" aria-invalid=\"false\" placeholder=\"Objet\" value=\"\" type=\"text\" name=\"your-subject\" \/><\/span>\n\t\t\t<\/p>\n\t\t<\/div>\n\t<\/div>\n\t<div class=\"gt-col\">\n\t\t<div class=\"gt-inner\">\n\t\t\t<p><span class=\"wpcf7-form-control-wrap\" data-name=\"your-message\"><textarea cols=\"40\" rows=\"5\" maxlength=\"2000\" class=\"wpcf7-form-control wpcf7-textarea\" aria-invalid=\"false\" placeholder=\"Message\" name=\"your-message\"><\/textarea><\/span>\n\t\t\t<\/p>\n\t\t<\/div>\n\t<\/div>\n\t<div class=\"gt-col\">\n\t\t<div class=\"gt-inner\">\n\t\t\t<p><span class=\"wpcf7-form-control-wrap\" data-name=\"confirmation\"><span class=\"wpcf7-form-control wpcf7-checkbox wpcf7-validates-as-required wpcf7-exclusive-checkbox gt-checkbox\"><span class=\"wpcf7-list-item first last\"><label><input type=\"checkbox\" name=\"confirmation\" value=\"J&#039;accepte que l&#039;UFE Grande-Bretagne collecte mes coordonn\u00e9es via ce formulaire.\" \/><span class=\"wpcf7-list-item-label\">J&#039;accepte que l&#039;UFE Grande-Bretagne collecte mes coordonn\u00e9es via ce formulaire.<\/span><\/label><\/span><\/span><\/span>\n\t\t\t<\/p>\n\t\t<\/div>\n\t<\/div>\n\t<div class=\"gt-col\">\n\t\t<div class=\"gt-inner\">\n\t\t\t<p><input class=\"wpcf7-form-control wpcf7-submit has-spinner\" type=\"submit\" value=\"Envoyer\" \/>\n\t\t\t<\/p>\n\t\t<\/div>\n\t<\/div>\n<\/div><div class=\"wpcf7-response-output\" aria-hidden=\"true\"><\/div>\n<\/form>\n<\/div>\n[vc_empty_space height=\u00a0\u00bb120px\u00a0\u00bb][\/vc_column][vc_column offset=\u00a0\u00bbvc_col-lg-2 vc_col-md-2 vc_hidden-sm vc_col-xs-12 vc_hidden-xs\u00a0\u00bb][\/vc_column][\/vc_row][vc_row full_width=\u00a0\u00bbstretch_row_content_no_spaces\u00a0\u00bb][vc_column]<div class=\"gt-map gt-google-maps\"><div id=\"google_maps\" class=\"gt-map-inner\" style=\"height:80vh\"><\/div><ul data-zoom=\"13\" data-lat=\"33.8903003\" data-lng=\"-118.4075493\" data-type=\"false\" data-scale=\"true\" data-zoom-control=\"true\" data-map-style=\"1\" data-street=\"true\" data-icon=\"https:\/\/ufe.org\/grande-bretagne\/wp-content\/themes\/eventchamp\/include\/assets\/img\/map-marker.png\" data-fullscreen=\"false\" data-first-info=\"false\" data-close-icon=\"\"><li data-lat=\"33.8903003\" data-lng=\"-118.4075493\" data-icon=\"https:\/\/ufe.org\/grande-bretagne\/wp-content\/themes\/eventchamp\/include\/assets\/img\/map-marker.png\"><\/li><\/ul><\/div>[\/vc_column][\/vc_row]<\/p>\n","protected":false},"excerpt":{"rendered":"<p>[vc_row full_width=\u00a0\u00bbstretch_row\u00a0\u00bb parallax=\u00a0\u00bbcontent-moving\u00a0\u00bb parallax_image=\u00a0\u00bb3126&Prime; parallax_speed_bg=\u00a0\u00bb1&Prime;][vc_column][vc_empty_space height=\u00a0\u00bb70px\u00a0\u00bb][vc_custom_heading text=\u00a0\u00bbAucun Fran\u00e7ais n&rsquo;est seul \u00e0 l&rsquo;\u00e9tranger\u00a0\u00bb font_container=\u00a0\u00bbtag:h1|text_align:center\u00a0\u00bb use_theme_fonts=\u00a0\u00bbyes\u00a0\u00bb][vc_custom_heading text=\u00a0\u00bbContactez-nous !\u00a0\u00bb&#8230;<\/p>\n","protected":false},"author":1,"featured_media":0,"parent":0,"menu_order":0,"comment_status":"closed","ping_status":"closed","template":"","meta":{"footnotes":""},"yoast_head":"<!-- This site is optimized with the Yoast SEO plugin v22.8 - https:\/\/yoast.com\/wordpress\/plugins\/seo\/ -->\n<title>Contact - grande-bretagne<\/title>\n<meta name=\"robots\" content=\"index, follow, max-snippet:-1, max-image-preview:large, max-video-preview:-1\" \/>\n<link rel=\"canonical\" href=\"https:\/\/ufe.org\/grande-bretagne\/contact\/\" \/>\n<meta property=\"og:locale\" content=\"fr_FR\" \/>\n<meta property=\"og:type\" content=\"article\" \/>\n<meta property=\"og:title\" content=\"Contact - grande-bretagne\" \/>\n<meta property=\"og:description\" content=\"[vc_row full_width=\u00a0\u00bbstretch_row\u00a0\u00bb parallax=\u00a0\u00bbcontent-moving\u00a0\u00bb parallax_image=\u00a0\u00bb3126&Prime; parallax_speed_bg=\u00a0\u00bb1&Prime;][vc_column][vc_empty_space height=\u00a0\u00bb70px\u00a0\u00bb][vc_custom_heading text=\u00a0\u00bbAucun Fran\u00e7ais n&rsquo;est seul \u00e0 l&rsquo;\u00e9tranger\u00a0\u00bb font_container=\u00a0\u00bbtag:h1|text_align:center\u00a0\u00bb use_theme_fonts=\u00a0\u00bbyes\u00a0\u00bb][vc_custom_heading text=\u00a0\u00bbContactez-nous !\u00a0\u00bb...\" \/>\n<meta property=\"og:url\" content=\"https:\/\/ufe.org\/grande-bretagne\/contact\/\" \/>\n<meta property=\"og:site_name\" content=\"grande-bretagne\" \/>\n<meta property=\"article:modified_time\" content=\"2022-09-30T14:34:59+00:00\" \/>\n<meta name=\"twitter:card\" content=\"summary_large_image\" \/>\n<meta name=\"twitter:label1\" content=\"Dur\u00e9e de lecture estim\u00e9e\" \/>\n\t<meta name=\"twitter:data1\" content=\"1 minute\" \/>\n<script type=\"application\/ld+json\" class=\"yoast-schema-graph\">{\"@context\":\"https:\/\/schema.org\",\"@graph\":[{\"@type\":\"WebPage\",\"@id\":\"https:\/\/ufe.org\/grande-bretagne\/contact\/\",\"url\":\"https:\/\/ufe.org\/grande-bretagne\/contact\/\",\"name\":\"Contact - grande-bretagne\",\"isPartOf\":{\"@id\":\"https:\/\/ufe.org\/grande-bretagne\/#website\"},\"datePublished\":\"2018-12-14T12:14:41+00:00\",\"dateModified\":\"2022-09-30T14:34:59+00:00\",\"breadcrumb\":{\"@id\":\"https:\/\/ufe.org\/grande-bretagne\/contact\/#breadcrumb\"},\"inLanguage\":\"fr-FR\",\"potentialAction\":[{\"@type\":\"ReadAction\",\"target\":[\"https:\/\/ufe.org\/grande-bretagne\/contact\/\"]}]},{\"@type\":\"BreadcrumbList\",\"@id\":\"https:\/\/ufe.org\/grande-bretagne\/contact\/#breadcrumb\",\"itemListElement\":[{\"@type\":\"ListItem\",\"position\":1,\"name\":\"Accueil\",\"item\":\"https:\/\/ufe.org\/grande-bretagne\/\"},{\"@type\":\"ListItem\",\"position\":2,\"name\":\"Contact\"}]},{\"@type\":\"WebSite\",\"@id\":\"https:\/\/ufe.org\/grande-bretagne\/#website\",\"url\":\"https:\/\/ufe.org\/grande-bretagne\/\",\"name\":\"grande-bretagne\",\"description\":\"Un site utilisant Multi site UFE\",\"potentialAction\":[{\"@type\":\"SearchAction\",\"target\":{\"@type\":\"EntryPoint\",\"urlTemplate\":\"https:\/\/ufe.org\/grande-bretagne\/?s={search_term_string}\"},\"query-input\":\"required name=search_term_string\"}],\"inLanguage\":\"fr-FR\"}]}<\/script>\n<!-- \/ Yoast SEO plugin. -->","yoast_head_json":{"title":"Contact - grande-bretagne","robots":{"index":"index","follow":"follow","max-snippet":"max-snippet:-1","max-image-preview":"max-image-preview:large","max-video-preview":"max-video-preview:-1"},"canonical":"https:\/\/ufe.org\/grande-bretagne\/contact\/","og_locale":"fr_FR","og_type":"article","og_title":"Contact - grande-bretagne","og_description":"[vc_row full_width=\u00a0\u00bbstretch_row\u00a0\u00bb parallax=\u00a0\u00bbcontent-moving\u00a0\u00bb parallax_image=\u00a0\u00bb3126&Prime; parallax_speed_bg=\u00a0\u00bb1&Prime;][vc_column][vc_empty_space height=\u00a0\u00bb70px\u00a0\u00bb][vc_custom_heading text=\u00a0\u00bbAucun Fran\u00e7ais n&rsquo;est seul \u00e0 l&rsquo;\u00e9tranger\u00a0\u00bb font_container=\u00a0\u00bbtag:h1|text_align:center\u00a0\u00bb use_theme_fonts=\u00a0\u00bbyes\u00a0\u00bb][vc_custom_heading text=\u00a0\u00bbContactez-nous !\u00a0\u00bb...","og_url":"https:\/\/ufe.org\/grande-bretagne\/contact\/","og_site_name":"grande-bretagne","article_modified_time":"2022-09-30T14:34:59+00:00","twitter_card":"summary_large_image","twitter_misc":{"Dur\u00e9e de lecture estim\u00e9e":"1 minute"},"schema":{"@context":"https:\/\/schema.org","@graph":[{"@type":"WebPage","@id":"https:\/\/ufe.org\/grande-bretagne\/contact\/","url":"https:\/\/ufe.org\/grande-bretagne\/contact\/","name":"Contact - grande-bretagne","isPartOf":{"@id":"https:\/\/ufe.org\/grande-bretagne\/#website"},"datePublished":"2018-12-14T12:14:41+00:00","dateModified":"2022-09-30T14:34:59+00:00","breadcrumb":{"@id":"https:\/\/ufe.org\/grande-bretagne\/contact\/#breadcrumb"},"inLanguage":"fr-FR","potentialAction":[{"@type":"ReadAction","target":["https:\/\/ufe.org\/grande-bretagne\/contact\/"]}]},{"@type":"BreadcrumbList","@id":"https:\/\/ufe.org\/grande-bretagne\/contact\/#breadcrumb","itemListElement":[{"@type":"ListItem","position":1,"name":"Accueil","item":"https:\/\/ufe.org\/grande-bretagne\/"},{"@type":"ListItem","position":2,"name":"Contact"}]},{"@type":"WebSite","@id":"https:\/\/ufe.org\/grande-bretagne\/#website","url":"https:\/\/ufe.org\/grande-bretagne\/","name":"grande-bretagne","description":"Un site utilisant Multi site UFE","potentialAction":[{"@type":"SearchAction","target":{"@type":"EntryPoint","urlTemplate":"https:\/\/ufe.org\/grande-bretagne\/?s={search_term_string}"},"query-input":"required name=search_term_string"}],"inLanguage":"fr-FR"}]}},"_links":{"self":[{"href":"https:\/\/ufe.org\/grande-bretagne\/wp-json\/wp\/v2\/pages\/1723"}],"collection":[{"href":"https:\/\/ufe.org\/grande-bretagne\/wp-json\/wp\/v2\/pages"}],"about":[{"href":"https:\/\/ufe.org\/grande-bretagne\/wp-json\/wp\/v2\/types\/page"}],"author":[{"embeddable":true,"href":"https:\/\/ufe.org\/grande-bretagne\/wp-json\/wp\/v2\/users\/1"}],"replies":[{"embeddable":true,"href":"https:\/\/ufe.org\/grande-bretagne\/wp-json\/wp\/v2\/comments?post=1723"}],"version-history":[{"count":14,"href":"https:\/\/ufe.org\/grande-bretagne\/wp-json\/wp\/v2\/pages\/1723\/revisions"}],"predecessor-version":[{"id":3774,"href":"https:\/\/ufe.org\/grande-bretagne\/wp-json\/wp\/v2\/pages\/1723\/revisions\/3774"}],"wp:attachment":[{"href":"https:\/\/ufe.org\/grande-bretagne\/wp-json\/wp\/v2\/media?parent=1723"}],"curies":[{"name":"wp","href":"https:\/\/api.w.org\/{rel}","templated":true}]}}