{"id":2951,"date":"2020-11-20T09:15:39","date_gmt":"2020-11-20T08:15:39","guid":{"rendered":"https:\/\/ufe.org\/?post_type=speaker&#038;p=1137"},"modified":"2021-01-27T16:08:20","modified_gmt":"2021-01-27T15:08:20","slug":"ags-france","status":"publish","type":"speaker","link":"https:\/\/ufe.org\/allemagne-wurtemberg\/speaker\/ags-france\/","title":{"rendered":"Ags-France"},"content":{"rendered":"<p>[vc_row equal_height=\u00a0\u00bbyes\u00a0\u00bb content_placement=\u00a0\u00bbmiddle\u00a0\u00bb][vc_column width=\u00a0\u00bb2\/3&Prime;][vc_single_image image=\u00a0\u00bb2971&Prime; img_size=\u00a0\u00bbfull\u00a0\u00bb][\/vc_column][vc_column width=\u00a0\u00bb1\/3&Prime;][\/vc_column][\/vc_row][vc_row css=\u00a0\u00bb.vc_custom_1605874156288{margin-right: 30px !important;}\u00a0\u00bb][vc_column][vc_custom_heading text=\u00a0\u00bbD\u00e9m\u00e9nagement et de relocation dans le monde entier\u00a0\u00bb use_theme_fonts=\u00a0\u00bbyes\u00a0\u00bb][vc_empty_space height=\u00a0\u00bb22px\u00a0\u00bb][vc_column_text]AGS est aujourd\u2019hui une ETI Fran\u00e7aise d\u2019envergure mondiale, cr\u00e9\u00e9e il y a 42 ans. Une pr\u00e9sence en propre avec 173 implantations dans 84 pays \u00e0 travers le monde et 4226 collaborateurs font du Groupe un des leaders de la mobilit\u00e9 nationale et internationale, qui s\u2019emploie \u00e0 satisfaire chaque ann\u00e9e les besoins de 120 000 familles. AGS offre aussi des services de relocation pour ses clients expatri\u00e9s et les entreprises qui les emploient.[\/vc_column_text][\/vc_column][\/vc_row]<\/p>\n","protected":false},"excerpt":{"rendered":"<p>[vc_row equal_height=\u00a0\u00bbyes\u00a0\u00bb content_placement=\u00a0\u00bbmiddle\u00a0\u00bb][vc_column width=\u00a0\u00bb2\/3&Prime;][vc_single_image image=\u00a0\u00bb2971&Prime; img_size=\u00a0\u00bbfull\u00a0\u00bb][\/vc_column][vc_column width=\u00a0\u00bb1\/3&Prime;][\/vc_column][\/vc_row][vc_row css=\u00a0\u00bb.vc_custom_1605874156288{margin-right: 30px !important;}\u00a0\u00bb][vc_column][vc_custom_heading text=\u00a0\u00bbD\u00e9m\u00e9nagement et de relocation dans le&#8230;<\/p>\n","protected":false},"author":1,"featured_media":0,"comment_status":"open","ping_status":"closed","template":"","meta":{"footnotes":""},"speaker-category":[144],"speaker-tags":[146],"location":[],"yoast_head":"<!-- This site is optimized with the Yoast SEO plugin v22.8 - https:\/\/yoast.com\/wordpress\/plugins\/seo\/ -->\n<title>Ags-France - UFE Allemagne - Wurtemberg<\/title>\n<meta name=\"robots\" content=\"index, follow, max-snippet:-1, max-image-preview:large, max-video-preview:-1\" \/>\n<link rel=\"canonical\" href=\"https:\/\/ufe.org\/allemagne-wurtemberg\/speaker\/ags-france\/\" \/>\n<meta property=\"og:locale\" content=\"fr_FR\" \/>\n<meta property=\"og:type\" content=\"article\" \/>\n<meta property=\"og:title\" content=\"Ags-France - UFE Allemagne - Wurtemberg\" \/>\n<meta property=\"og:description\" content=\"[vc_row equal_height=\u00a0\u00bbyes\u00a0\u00bb content_placement=\u00a0\u00bbmiddle\u00a0\u00bb][vc_column width=\u00a0\u00bb2\/3&Prime;][vc_single_image image=\u00a0\u00bb2971&Prime; img_size=\u00a0\u00bbfull\u00a0\u00bb][\/vc_column][vc_column width=\u00a0\u00bb1\/3&Prime;][\/vc_column][\/vc_row][vc_row css=\u00a0\u00bb.vc_custom_1605874156288{margin-right: 30px !important;}\u00a0\u00bb][vc_column][vc_custom_heading text=\u00a0\u00bbD\u00e9m\u00e9nagement et de relocation dans le...\" \/>\n<meta property=\"og:url\" content=\"https:\/\/ufe.org\/allemagne-wurtemberg\/speaker\/ags-france\/\" \/>\n<meta property=\"og:site_name\" content=\"UFE Allemagne - Wurtemberg\" \/>\n<meta property=\"article:modified_time\" content=\"2021-01-27T15:08:20+00:00\" \/>\n<meta name=\"twitter:card\" content=\"summary_large_image\" \/>\n<meta name=\"twitter:label1\" content=\"Dur\u00e9e de lecture estim\u00e9e\" \/>\n\t<meta name=\"twitter:data1\" content=\"1 minute\" \/>\n<script type=\"application\/ld+json\" class=\"yoast-schema-graph\">{\"@context\":\"https:\/\/schema.org\",\"@graph\":[{\"@type\":\"WebPage\",\"@id\":\"https:\/\/ufe.org\/allemagne-wurtemberg\/speaker\/ags-france\/\",\"url\":\"https:\/\/ufe.org\/allemagne-wurtemberg\/speaker\/ags-france\/\",\"name\":\"Ags-France - UFE Allemagne - Wurtemberg\",\"isPartOf\":{\"@id\":\"https:\/\/ufe.org\/allemagne-wurtemberg\/#website\"},\"datePublished\":\"2020-11-20T08:15:39+00:00\",\"dateModified\":\"2021-01-27T15:08:20+00:00\",\"breadcrumb\":{\"@id\":\"https:\/\/ufe.org\/allemagne-wurtemberg\/speaker\/ags-france\/#breadcrumb\"},\"inLanguage\":\"fr-FR\",\"potentialAction\":[{\"@type\":\"ReadAction\",\"target\":[\"https:\/\/ufe.org\/allemagne-wurtemberg\/speaker\/ags-france\/\"]}]},{\"@type\":\"BreadcrumbList\",\"@id\":\"https:\/\/ufe.org\/allemagne-wurtemberg\/speaker\/ags-france\/#breadcrumb\",\"itemListElement\":[{\"@type\":\"ListItem\",\"position\":1,\"name\":\"Accueil\",\"item\":\"https:\/\/ufe.org\/allemagne-wurtemberg\/\"},{\"@type\":\"ListItem\",\"position\":2,\"name\":\"Speakers\",\"item\":\"https:\/\/ufe.org\/allemagne-wurtemberg\/speaker\/\"},{\"@type\":\"ListItem\",\"position\":3,\"name\":\"Ags-France\"}]},{\"@type\":\"WebSite\",\"@id\":\"https:\/\/ufe.org\/allemagne-wurtemberg\/#website\",\"url\":\"https:\/\/ufe.org\/allemagne-wurtemberg\/\",\"name\":\"UFE Allemagne - Wurtemberg\",\"description\":\"Un site utilisant Multi site UFE\",\"potentialAction\":[{\"@type\":\"SearchAction\",\"target\":{\"@type\":\"EntryPoint\",\"urlTemplate\":\"https:\/\/ufe.org\/allemagne-wurtemberg\/?s={search_term_string}\"},\"query-input\":\"required name=search_term_string\"}],\"inLanguage\":\"fr-FR\"}]}<\/script>\n<!-- \/ Yoast SEO plugin. -->","yoast_head_json":{"title":"Ags-France - UFE Allemagne - Wurtemberg","robots":{"index":"index","follow":"follow","max-snippet":"max-snippet:-1","max-image-preview":"max-image-preview:large","max-video-preview":"max-video-preview:-1"},"canonical":"https:\/\/ufe.org\/allemagne-wurtemberg\/speaker\/ags-france\/","og_locale":"fr_FR","og_type":"article","og_title":"Ags-France - UFE Allemagne - Wurtemberg","og_description":"[vc_row equal_height=\u00a0\u00bbyes\u00a0\u00bb content_placement=\u00a0\u00bbmiddle\u00a0\u00bb][vc_column width=\u00a0\u00bb2\/3&Prime;][vc_single_image image=\u00a0\u00bb2971&Prime; img_size=\u00a0\u00bbfull\u00a0\u00bb][\/vc_column][vc_column width=\u00a0\u00bb1\/3&Prime;][\/vc_column][\/vc_row][vc_row css=\u00a0\u00bb.vc_custom_1605874156288{margin-right: 30px !important;}\u00a0\u00bb][vc_column][vc_custom_heading text=\u00a0\u00bbD\u00e9m\u00e9nagement et de relocation dans le...","og_url":"https:\/\/ufe.org\/allemagne-wurtemberg\/speaker\/ags-france\/","og_site_name":"UFE Allemagne - Wurtemberg","article_modified_time":"2021-01-27T15:08:20+00:00","twitter_card":"summary_large_image","twitter_misc":{"Dur\u00e9e de lecture estim\u00e9e":"1 minute"},"schema":{"@context":"https:\/\/schema.org","@graph":[{"@type":"WebPage","@id":"https:\/\/ufe.org\/allemagne-wurtemberg\/speaker\/ags-france\/","url":"https:\/\/ufe.org\/allemagne-wurtemberg\/speaker\/ags-france\/","name":"Ags-France - UFE Allemagne - Wurtemberg","isPartOf":{"@id":"https:\/\/ufe.org\/allemagne-wurtemberg\/#website"},"datePublished":"2020-11-20T08:15:39+00:00","dateModified":"2021-01-27T15:08:20+00:00","breadcrumb":{"@id":"https:\/\/ufe.org\/allemagne-wurtemberg\/speaker\/ags-france\/#breadcrumb"},"inLanguage":"fr-FR","potentialAction":[{"@type":"ReadAction","target":["https:\/\/ufe.org\/allemagne-wurtemberg\/speaker\/ags-france\/"]}]},{"@type":"BreadcrumbList","@id":"https:\/\/ufe.org\/allemagne-wurtemberg\/speaker\/ags-france\/#breadcrumb","itemListElement":[{"@type":"ListItem","position":1,"name":"Accueil","item":"https:\/\/ufe.org\/allemagne-wurtemberg\/"},{"@type":"ListItem","position":2,"name":"Speakers","item":"https:\/\/ufe.org\/allemagne-wurtemberg\/speaker\/"},{"@type":"ListItem","position":3,"name":"Ags-France"}]},{"@type":"WebSite","@id":"https:\/\/ufe.org\/allemagne-wurtemberg\/#website","url":"https:\/\/ufe.org\/allemagne-wurtemberg\/","name":"UFE Allemagne - Wurtemberg","description":"Un site utilisant Multi site UFE","potentialAction":[{"@type":"SearchAction","target":{"@type":"EntryPoint","urlTemplate":"https:\/\/ufe.org\/allemagne-wurtemberg\/?s={search_term_string}"},"query-input":"required name=search_term_string"}],"inLanguage":"fr-FR"}]}},"_links":{"self":[{"href":"https:\/\/ufe.org\/allemagne-wurtemberg\/wp-json\/wp\/v2\/speaker\/2951"}],"collection":[{"href":"https:\/\/ufe.org\/allemagne-wurtemberg\/wp-json\/wp\/v2\/speaker"}],"about":[{"href":"https:\/\/ufe.org\/allemagne-wurtemberg\/wp-json\/wp\/v2\/types\/speaker"}],"author":[{"embeddable":true,"href":"https:\/\/ufe.org\/allemagne-wurtemberg\/wp-json\/wp\/v2\/users\/1"}],"replies":[{"embeddable":true,"href":"https:\/\/ufe.org\/allemagne-wurtemberg\/wp-json\/wp\/v2\/comments?post=2951"}],"version-history":[{"count":1,"href":"https:\/\/ufe.org\/allemagne-wurtemberg\/wp-json\/wp\/v2\/speaker\/2951\/revisions"}],"predecessor-version":[{"id":2987,"href":"https:\/\/ufe.org\/allemagne-wurtemberg\/wp-json\/wp\/v2\/speaker\/2951\/revisions\/2987"}],"wp:attachment":[{"href":"https:\/\/ufe.org\/allemagne-wurtemberg\/wp-json\/wp\/v2\/media?parent=2951"}],"wp:term":[{"taxonomy":"speaker-category","embeddable":true,"href":"https:\/\/ufe.org\/allemagne-wurtemberg\/wp-json\/wp\/v2\/speaker-category?post=2951"},{"taxonomy":"speaker-tags","embeddable":true,"href":"https:\/\/ufe.org\/allemagne-wurtemberg\/wp-json\/wp\/v2\/speaker-tags?post=2951"},{"taxonomy":"location","embeddable":true,"href":"https:\/\/ufe.org\/allemagne-wurtemberg\/wp-json\/wp\/v2\/location?post=2951"}],"curies":[{"name":"wp","href":"https:\/\/api.w.org\/{rel}","templated":true}]}}

<p>[vc_row equal_height= »yes » content_placement= »middle »][vc_column width= »2/3&Prime;][vc_single_image image= »2971&Prime; img_size= »full »][/vc_column][vc_column width= »1/3&Prime;][/vc_column][/vc_row][vc_row css= ».vc_custom_1605874156288{margin-right: 30px !important;} »][vc_column][vc_custom_heading text= »Déménagement et de relocation dans le monde entier » use_theme_fonts= »yes »][vc_empty_space height= »22px »][vc_column_text]AGS est aujourd’hui une ETI Française d’envergure mondiale, créée il y a 42 ans. Une présence en propre avec 173 implantations dans 84 pays à travers le monde et 4226 collaborateurs font du Groupe un des leaders de la mobilité nationale et internationale, qui s’emploie à satisfaire chaque année les besoins de 120 000 familles. AGS offre aussi des services de relocation pour ses clients expatriés et les entreprises qui les emploient.[/vc_column_text][/vc_column][/vc_row]</p>

<p>[vc_row equal_height= »yes » content_placement= »middle »][vc_column width= »2/3&Prime;][vc_single_image image= »2971&Prime; img_size= »full »][/vc_column][vc_column width= »1/3&Prime;][/vc_column][/vc_row][vc_row css= ».vc_custom_1605874156288{margin-right: 30px !important;} »][vc_column][vc_custom_heading text= »Déménagement et de relocation dans le&#8230;</p>

<!-- This site is optimized with the Yoast SEO plugin v22.8 - https://yoast.com/wordpress/plugins/seo/ -->
<title>Ags-France - UFE Allemagne - Wurtemberg</title>
<meta name="robots" content="index, follow, max-snippet:-1, max-image-preview:large, max-video-preview:-1" />
<link rel="canonical" href="https://ufe.org/allemagne-wurtemberg/speaker/ags-france/" />
<meta property="og:locale" content="fr_FR" />
<meta property="og:type" content="article" />
<meta property="og:title" content="Ags-France - UFE Allemagne - Wurtemberg" />
<meta property="og:description" content="[vc_row equal_height= »yes » content_placement= »middle »][vc_column width= »2/3&Prime;][vc_single_image image= »2971&Prime; img_size= »full »][/vc_column][vc_column width= »1/3&Prime;][/vc_column][/vc_row][vc_row css= ».vc_custom_1605874156288{margin-right: 30px !important;} »][vc_column][vc_custom_heading text= »Déménagement et de relocation dans le..." />
<meta property="og:url" content="https://ufe.org/allemagne-wurtemberg/speaker/ags-france/" />
<meta property="og:site_name" content="UFE Allemagne - Wurtemberg" />
<meta property="article:modified_time" content="2021-01-27T15:08:20+00:00" />
<meta name="twitter:card" content="summary_large_image" />
<meta name="twitter:label1" content="Durée de lecture estimée" />
	<meta name="twitter:data1" content="1 minute" />
<script type="application/ld+json" class="yoast-schema-graph">{"@context":"https://schema.org","@graph":[{"@type":"WebPage","@id":"https://ufe.org/allemagne-wurtemberg/speaker/ags-france/","url":"https://ufe.org/allemagne-wurtemberg/speaker/ags-france/","name":"Ags-France - UFE Allemagne - Wurtemberg","isPartOf":{"@id":"https://ufe.org/allemagne-wurtemberg/#website"},"datePublished":"2020-11-20T08:15:39+00:00","dateModified":"2021-01-27T15:08:20+00:00","breadcrumb":{"@id":"https://ufe.org/allemagne-wurtemberg/speaker/ags-france/#breadcrumb"},"inLanguage":"fr-FR","potentialAction":[{"@type":"ReadAction","target":["https://ufe.org/allemagne-wurtemberg/speaker/ags-france/"]}]},{"@type":"BreadcrumbList","@id":"https://ufe.org/allemagne-wurtemberg/speaker/ags-france/#breadcrumb","itemListElement":[{"@type":"ListItem","position":1,"name":"Accueil","item":"https://ufe.org/allemagne-wurtemberg/"},{"@type":"ListItem","position":2,"name":"Speakers","item":"https://ufe.org/allemagne-wurtemberg/speaker/"},{"@type":"ListItem","position":3,"name":"Ags-France"}]},{"@type":"WebSite","@id":"https://ufe.org/allemagne-wurtemberg/#website","url":"https://ufe.org/allemagne-wurtemberg/","name":"UFE Allemagne - Wurtemberg","description":"Un site utilisant Multi site UFE","potentialAction":[{"@type":"SearchAction","target":{"@type":"EntryPoint","urlTemplate":"https://ufe.org/allemagne-wurtemberg/?s={search_term_string}"},"query-input":"required name=search_term_string"}],"inLanguage":"fr-FR"}]}</script>
<!-- / Yoast SEO plugin. -->

[vc_row equal_height= »yes » content_placement= »middle »][vc_column width= »2/3&Prime;][vc_single_image image= »2971&Prime; img_size= »full »][/vc_column][vc_column width= »1/3&Prime;][/vc_column][/vc_row][vc_row css= ».vc_custom_1605874156288{margin-right: 30px !important;} »][vc_column][vc_custom_heading text= »Déménagement et de relocation dans le...
